{"id":44,"date":"2022-08-27T08:24:34","date_gmt":"2022-08-27T08:24:34","guid":{"rendered":"https:\/\/metsari.fi\/?page_id=44"},"modified":"2022-08-27T08:24:34","modified_gmt":"2022-08-27T08:24:34","slug":"myrskytuhot","status":"publish","type":"page","link":"https:\/\/metsari.fi\/index.php\/myrskytuhot\/","title":{"rendered":"Myrskytuhot"},"content":{"rendered":"\n<p>Myrskyss\u00e4 kaatuiden ja erityisesti konkeloon j\u00e4\u00e4neiden puiden raivaaminen vaatii tietoa ja kokemusta, eik\u00e4 ty\u00f6h\u00f6n pid\u00e4 ryhty\u00e4 miettim\u00e4tt\u00e4 ensin turvallisuutta. N\u00e4m\u00e4 on monesti parempi j\u00e4tt\u00e4\u00e4 ammattilaisen teht\u00e4viksi.<\/p>\n\n\n\n<!--more-->\n","protected":false},"excerpt":{"rendered":"<p>Myrskyss\u00e4 kaatuiden ja erityisesti konkeloon j\u00e4\u00e4neiden puiden raivaaminen vaatii tietoa ja kokemusta, eik\u00e4 ty\u00f6h\u00f6n pid\u00e4 ryhty\u00e4 miettim\u00e4tt\u00e4 ensin turvallisuutta. N\u00e4m\u00e4 on monesti parempi j\u00e4tt\u00e4\u00e4 ammattilaisen teht\u00e4viksi.<\/p>\n","protected":false},"author":1,"featured_media":0,"parent":0,"menu_order":0,"comment_status":"closed","ping_status":"closed","template":"","meta":{"footnotes":""},"class_list":["post-44","page","type-page","status-publish","hentry"],"_links":{"self":[{"href":"https:\/\/metsari.fi\/index.php\/wp-json\/wp\/v2\/pages\/44","targetHints":{"allow":["GET"]}}],"collection":[{"href":"https:\/\/metsari.fi\/index.php\/wp-json\/wp\/v2\/pages"}],"about":[{"href":"https:\/\/metsari.fi\/index.php\/wp-json\/wp\/v2\/types\/page"}],"author":[{"embeddable":true,"href":"https:\/\/metsari.fi\/index.php\/wp-json\/wp\/v2\/users\/1"}],"replies":[{"embeddable":true,"href":"https:\/\/metsari.fi\/index.php\/wp-json\/wp\/v2\/comments?post=44"}],"version-history":[{"count":1,"href":"https:\/\/metsari.fi\/index.php\/wp-json\/wp\/v2\/pages\/44\/revisions"}],"predecessor-version":[{"id":45,"href":"https:\/\/metsari.fi\/index.php\/wp-json\/wp\/v2\/pages\/44\/revisions\/45"}],"wp:attachment":[{"href":"https:\/\/metsari.fi\/index.php\/wp-json\/wp\/v2\/media?parent=44"}],"curies":[{"name":"wp","href":"https:\/\/api.w.org\/{rel}","templated":true}]}}